t is the greatest common divisor of 42 and t?
14
Let w = 29 + -26. Suppose -4*q + q = 6, 9 = 5*k + w*q. What is the highest common factor of k and 21?
3
Let d be (-64 + 12)*(-2 + -2). What is the highest common factor of d and 260?
52
Let a = -1461 + 2384. What is the highest common factor of a and 13?
13
Let b = -22 + 21. Let k be b*3 + (-42)/14. Let h be 2008/24 + (-2)/k. Calculate the greatest common divisor of 12 and h.
12
Suppose 42 = 12*p - 6*p. What is the highest common divisor of 49 and p?
7
Let k(p) = 16*p - 2*p**3 + 7*p**3 - 5*p**3 - 18 + 19*p**2 + p**3. Let h be k(-18). What is the highest common divisor of h and 90?
18
Let w(r) = -r**3 - 413. Let a be w(0). Suppose 5*v + 2*t = 2920, 2*v - 5*t = -4*t + 1168. Let y = a + v. Calculate the highest common factor of 19 and y.
19
Suppose 17 + 5 = u. Let f = u + -11. Let b = -43 - -87. What is the highest common factor of f and b?
11
Suppose -4*v = 2*t - 34, 5*v = -2*t + 36 - 1. Let o be (-4)/(4/2) + 62. Calculate the highest common divisor of t and o.
15
Let q = 19 - 10. Let l(b) = -b**2 + 12*b + 9. Let v be l(q). Let u(n) = n**3 + 5*n**2 + n - 3. Let o be u(-3). Calculate the highest common factor of v and o.
12
Let v = 1459 + -1447. What is the highest common divisor of v and 258?
6
Suppose -4*f + 6*f = 302. Let p = -101 + f. What is the highest common factor of p and 25?
25
Suppose -m + 5*m - 72 = 0. Suppose 236 = 42*s - 520. Calculate the greatest common factor of s and m.
18
Let h be (-382)/(-8) + 1/4. Suppose 5*m - 5*s = 35, 3*m = 4*s - 10 + 32. What is the highest common factor of m and h?
6
Suppose -1338 = -43*l + 1113. What is the highest common divisor of 9 and l?
3
Let l be 60 + -60 + 41*1. Calculate the highest common factor of l and 1.
1
Let m(x) = -182*x - 1255. Let i be m(-7). Suppose 2*w = 2*v + 422, -5*w + w + 840 = -2*v. Calculate the highest common factor of i and w.
19
Let x(r) = 9*r**2 + 3*r + 2. Let c be x(-2). Let s be (-663)/(-18) - 3/18*-1. Let h = 41 - s. Calculate the greatest common factor of h and c.
4
Suppose -y = 5*y - 4698. Suppose -3*l - 2229 = -3*x - y, 3*x - l - 1450 = 0. What is the highest common divisor of 44 and x?
44
Let k(q) = q**3 - 7*q**2 + 9*q - 8. Let d be k(7). Calculate the greatest common divisor of 11 and d.
11
Let u(l) = 2*l**3 - 9*l + 1331. Let w be u(0). Calculate the greatest common factor of w and 121.
121
Suppose 11862 = 37*w - 4011. What is the highest common divisor of w and 66?
33
Suppose -4*d + 18 = 3*f - 10, -5*f = 2*d - 28. What is the greatest common factor of 20 and d?
4
Let h(j) = 13*j - 11. Let w(u) = -38*u + 33. Let t(b) = -8*h(b) - 3*w(b). Let y be t(11). What is the greatest common divisor of y and 33?
33
Let j(a) = -6*a**2 + 24*a - 27. Let d(c) = -9*c**2 + 36*c - 41. Let t(m) = 5*d(m) - 8*j(m). Let f be t(5). Calculate the greatest common factor of 39 and f.
13
Let y(m) = m + 0*m - 1 + 34 - m**2. Let b be y(0). What is the highest common factor of 3 and b?
3
Let n = 2 + -2. Let r(f) = -7*f**2 + n*f**3 - 23 + 2*f - f**3 + 9 + 4*f. Let a be r(-8). What is the highest common factor of 22 and a?
2
Let l = -4 + 33. Let s = -17 + l. Let n be s/(-6)*13/(-2). What is the highest common divisor of n and 104?
13
Let l be 34*15/2 - 77/(-77). Calculate the highest common divisor of l and 16.
16
Let i be -2 - (-251)/(-3 - 21/(-6)). Calculate the greatest common divisor of i and 20.
20
Let i be ((-42)/35)/(6/(-80)). Let z = -16 + i. Suppose 2*x - 5*x + 33 = z. Calculate the greatest common divisor of x and 1.
1
Let t be 300/(-2)*(-24)/36. Let u = -41 + 81. What is the highest common divisor of t and u?
20
Let o = 295 + -235. Calculate the highest common factor of 135 and o.
15
Let k = 282 + -224. Calculate the highest common divisor of k and 232.
58
Let s = -1 + 0. Let z be 2/3*(7 + s). Suppose 0 = 2*l - z*l + 24. What is the highest common factor of 12 and l?
12
Let o = -573 - -582. What is the greatest common factor of o and 1143?
9
Let s = 765 - 414. Let p = 1027 + -988. Calculate the highest common divisor of p and s.
39
Let y(s) be the first derivative of s**2/2 + s + 164. Suppose -p + 5 = 4*p. Let u be y(p). What is the highest common divisor of 14 and u?
2
Let k be (-16)/12*6/(-2). Let c be 7*6/3*k. What is the highest common factor of 84 and c?
28
Suppose 3*x = 4 + 14. Suppose x*z + 89 = 377. Suppose 6 - 36 = -5*q. Calculate the greatest common divisor of q and z.
6
Suppose 3 = 3*q, 0 = -3*i - 2*q - q - 9. Let w be -2 + (i - (-36 - 3)). Suppose -18 = -2*r + 4. Calculate the highest common factor of w and r.
11
Let v(c) = -2*c**3 + 2*c + 4. Let q be v(3). Let h = -14 - q. Let n(m) = -m**2 - 22*m - 92. Let y be n(-14). What is the greatest common factor of y and h?
10
Let u be (-1)/(3/24*2). Let v = 20 - u. Let z = v - 15. Calculate the greatest common factor of 9 and z.
9
Let r(k) = k**2 + 12*k + 3 - 11 - 20 - 2*k**2. Let u be r(8). Calculate the highest common divisor of u and 12.
4
Suppose -3*v = -o + 38, 6*o = o + 4*v + 135. Calculate the greatest common factor of o and 1.
1
Suppose 0 = -x - 53 - 26. Let c = x + 179. Calculate the highest common factor of 25 and c.
25
Suppose -129 = -15*w + 201. Calculate the highest common factor of 176 and w.
22
Suppose 3*w = 4*c + 5*w - 30, 4 = -4*w. What is the greatest common factor of 164 and c?
4
Let u(l) = -4*l + l - 3 - 2*l + 4*l. Let q be u(9). Let t = q - -30. What is the highest common divisor of 144 and t?
18
Let d be (18/4)/((-6 + 1)/(-100)). Calculate the highest common factor of 40 and d.
10
Let l be 2*(5 + (-85)/10) + 98. Suppose 0 = 2*q - q - 13. Calculate the highest common factor of l and q.
13
Let o(s) = 2*s**2 + 13*s - 2. Let j be o(2). Calculate the greatest common factor of j and 288.
32
Let f(d) = -2*d + 3*d**2 - 3 + 3*d**2 + 4. Let y = 97 - 95. Let n be f(y). What is the highest common factor of 105 and n?
21
Let n(f) = -f + 11. Let s be n(6). Suppose -25 = -4*l - 3*t, -s*t - 17 = -l + 18. Let i = -25 - -115. Calculate the highest common divisor of l and i.
10
Let q = -75 + 79. Suppose 823 - 45 = 4*t + w, 0 = q*w + 8. What is the greatest common factor of t and 15?
15
Let c be (-47)/(1 + 9/(-6)). Let f = -52 + c. Calculate the greatest common divisor of 28 and f.
14
Suppose 0 = 2*w - 41 + 47. Let d = w + 42. What is the highest common factor of 13 and d?
13
Let t(z) = -5*z - 3. Let h be t(-9). Let q be 757/2 - (-105)/(-210). What is the highest common divisor of q and h?
42
Let k be 286/9 + (-202)/(-909). Calculate the greatest common divisor of k and 160.
32
Let w be (9/6)/((-49)/(-14) - 3). What is the greatest common divisor of w and 39?
3
Let l be 39/(-52)*-28*1/3. Calculate the highest common divisor of l and 889.
7
Let b = -7 - -11. Suppose -b*q - 27 = -75. Calculate the highest common factor of q and 3.
3
Suppose 3*s - 5*i = s + 5, 3*i + 17 = 4*s. Suppose -h = -s*h + 16. Suppose h*f + 24 = 6*f. Calculate the greatest common divisor of f and 12.
12
Suppose 0 = k + 8*k - 684. Let v = 77 - k. Let d(w) = 4*w. Let s be d(2). What is the highest common divisor of v and s?
1
Let m be (-34)/(-153) - (-8906)/18. Calculate the highest common factor of m and 135.
45
Suppose 0 = 3*x + x - 8. Let s be (36/30)/(x/5). What is the highest common divisor of 33 and s?
3
Let p(g) = 4*g + 4*g + 11*g + 5 - 2 - g**2. Let f be p(19). Suppose 2*m + 5*t - 124 = -2*m, -t + 93 = f*m. Calculate the highest common divisor of 279 and m.
31
Let c be (-4)/(-8)*-1 + 200/16. Let a(h) be the third derivative of -h**4/24 - 5*h**3/6 + h**2. Let k be a(-8). What is the highest common factor of c and k?
3
Suppose 5*t = 2*u + t - 24, -2*u - t + 9 = 0. Let y = 8 - u. What is the greatest common factor of 10 and y?
2
Let n(o) = 5*o**2 + 20*o - 5. Let l be n(-4). Let r(c) = c**3 + 6*c**2 - 5*c - 40. Let u be r(l). What is the greatest common divisor of 10 and u?
10
Let j = 16 + -11. Let g(u) = -9*u - 3 + j*u - u. Let d be g(-4). What is the greatest common factor of 17 and d?
17
Let k = 93 + -88. Suppose -7*v = -4*b - 4*v + 109, v = k. What is the greatest common factor of b and 62?
31
Suppose 0 = -6*s + 28 + 68. What is the greatest common factor of s and 344?
8
Let p(v) = 17*v + 5. Let j be p(-1). Let f be (j - -9) + 1 + 11. Calculate the greatest common factor of 3 and f.
3
Let p be (-72)/12*